9
Let q = -2 - -4. Suppose -2*z = -16 + q. List the prime factors of z.
7
Suppose 28 = 4*u - 2*u - 4*f, -u - f + 14 = 0. What are the prime factors of u?
2, 7
Suppose -5*j = 3*g - 123, 4*g + 0*j + 5*j = 159. Suppose a = -a + g. What are the prime factors of a?
2, 3
Let c be (0 - -6)/(9/6). Suppose 0 = c*a - 6 - 2. Suppose f - a*n - 42 = -2*f, 3*n = 4*f - 57. List the prime factors of f.
2, 3
Let r(c) = 16*c**2 - c. Let d be r(1). Suppose -d = -3*l - 0*l. What are the prime factors of l?
5
Suppose 6 = -2*d - 2*m + 22, 4*m = d - 3. Suppose 10 = d*u - 2*u. What are the prime factors of (-16)/(-20)*5/u?
2
Let a = -5 + 5. Suppose a = 4*g - 33 - 27. What are the prime factors of g?
3, 5
List the prime factors of -1*1/(1/(-105)).
3, 5, 7
Let b(s) = s - s**3 + 2 - 2*s**2 - 4*s + 4*s**3. List the prime factors of b(2).
2, 3
Let r(m) = m**2 - 6*m - 1. Let i be r(7). Suppose -4*h + 2*h + i = 0. Suppose 0 = -h*k - 5*z - 1 + 34, -3*z = -k - 3. List the prime factors of k.
2, 3
Suppose 4*t + 242 + 42 = 0. Let j = -27 - t. What are the prime factors of j?
2, 11
What are the prime factors of 9126/135 - (0 + (-4)/10)?
2, 17
Let p be -1 - (-4 + 9)*1. Let n(c) = c + 12. What are the prime factors of n(p)?
2, 3
Suppose -9 = -2*d - 1. Suppose -d*y + y + 63 = 0. What are the prime factors of y?
3, 7
Let h(q) = -2*q - 4. Let g be h(-5). Let r(w) = -w**3 + 7*w**2 - 6*w - 4. Let j be r(g). List the prime factors of j/(-3)*(-27)/(-6).
2, 3
Let q(n) = -50*n + 25. What are the prime factors of q(-6)?
5, 13
Suppose 0 = 3*v - 7*v - 76. Let j(d) = -d**3 + 6*d**2 + 3. Let k be j(5). Let f = v + k. List the prime factors of f.
3
Suppose 0 = 4*z - 8 - 0. List the prime factors of (-13 + 16)*(z - 1).
3
Let k(o) = 2*o**3 - 7*o**2 + 6*o - 5. What are the prime factors of k(4)?
5, 7
Suppose -3*s - s - 2*d = 30, -4*d = -12. Let t = s + 29. List the prime factors of t.
2, 5
Suppose -4*u + 3*u + 15 = 0. Suppose 3*z = 2*a - 5*a - 12, 5*a + 3*z + 16 = 0. What are the prime factors of -1*u/6*a?
5
Let h(s) = -67*s - 50. List the prime factors of h(-3).
151
Let t(d) = -d + 6. Suppose -2*m + 2 = -3*m. Let c(w) = 3*w - 17. Let p(v) = m*c(v) - 7*t(v). List the prime factors of p(10).
2
Let x = 17 - -30. What are the prime factors of x?
47
Let t be (-78)/8 + 2/(-8). Let c be (-1 + t/(-6))*3. What are the prime factors of 156/16 - c/(-8)?
2, 5
Suppose -3*p - z - 11 = 22, 0 = -z + 3. Let r be ((-3)/(-6))/((-2)/p). Suppose -2*t + 4*t - 8 = 0, 0 = -5*j - r*t + 52. What are the prime factors of j?
2
Suppose 4*s = -3*v - 3 - 18, 0 = 2*v - 3*s - 3. What are the prime factors of ((-26)/v)/((-4)/(-6))?
13
Let t(o) be the third derivative of -o**6/120 - o**5/15 + o**4/8 + o**3/3 - 3*o**2. List the prime factors of t(-5).
2, 3
Let k(l) = 2*l**2 - 2*l. Let s be k(4). Suppose 4*m - s = 36. What are the prime factors of m?
3, 5
Suppose -17 + 67 = 2*y. Let k be ((1 - -2) + -5)*-7. Let v = y - k. What are the prime factors of v?
11
Let n(d) be the first derivative of 2*d**3/3 + 7*d**2/2 + 6*d - 2. Let o be n(-4). Let j = -3 + o. What are the prime factors of j?
7
Let g = -5 - -11. Let q(m) = -m + 8. Let u be q(g). What are the prime factors of ((-20)/6)/(u/(-6))?
2, 5
List the prime factors of -439*(3/(-1))/3.
439
Suppose -47*p = -45*p - 520. What are the prime factors of p?
2, 5, 13
Let d = 1 + -14. Let i = 20 + d. List the prime factors of i.
7
Let k(z) = 3*z - 8. Let x(d) = 2*d - 5. Let b(t) = -5*k(t) + 8*x(t). Let v be b(-4). What are the prime factors of (-9)/((-3)/v*-2)?
2, 3
Let w(z) = -3*z + 1. Let n(u) = u + 7. Let a be n(-5). Let f = -5 + a. What are the prime factors of w(f)?
2, 5
Suppose 5*p - 2*l + 5 = -7*l, -l = 2*p - 2. Suppose -p*i + 4 = -2*i. Suppose 4*w = 9*w - r - 123, i*r - 12 = -w. What are the prime factors of w?
2, 3
Let n = 3 + -1. Let h = n + 0. Suppose 0*s - 26 = -h*s. List the prime factors of s.
13
Let i = 6 - 4. Let c = i + 0. List the prime factors of c.
2
Let a(q) = 2*q**2 - 8*q + 3. Let c = -7 - -12. List the prime factors of a(c).
13
What are the prime factors of 30/(-9)*(-183)/2?
5, 61
Let v = 17 - 13. List the prime factors of v.
2
Let m(u) = -u**2 + 6*u - 3. Suppose 2*a + 30 = 4*d, -4*a = -0*d + 4*d. List the prime factors of m(d).
2
What are the prime factors of 318*((-24)/9 - -3)?
2, 53
Let q(y) = 14*y + 5. Let s(j) = 153*j + 54. Let i(g) = 54*q(g) - 5*s(g). What are the prime factors of i(-4)?
2, 3
Let b(x) be the second derivative of 5*x**4/24 - x**3/6 - x**2 + x. Let q(v) be the first derivative of b(v). List the prime factors of q(2).
3
Let y = 51 - 31. Suppose -2*g = 4*t - 20 - 6, -2*g + 2*t + y = 0. Suppose 2*s - g = s. What are the prime factors of s?
11
What are the prime factors of (-1 + 0)/(7/(-133))?
19
Suppose -320 = -4*j + 4*k, 10*j - 5*j = -4*k + 364. What are the prime factors of j?
2, 19
Let n = -4 - -4. Suppose -3*r - 1 = -2*r + l, r - l - 7 = n. List the prime factors of r.
3
Let n = -9 + 11. Suppose -n*q = -q - 16. List the prime factors of q.
2
Let a be 4/((-16)/(-20)) + 0. Let s(d) = 9*d - 12. List the prime factors of s(a).
3, 11
Let u(r) = -r**3 + 3*r**2 + 2*r - 1. Let y be u(3). Suppose 208 = y*a - a. Suppose -a = -t - 3*t. What are the prime factors of t?
13
Suppose -a - 100 = -6*a. Suppose 4*i = -i + a. Suppose 5*p + 4*o = 16, 0*o = i*p + 2*o - 14. List the prime factors of p.
2
Let q = 236 + -120. What are the prime factors of q?
2, 29
Suppose 4*k - 2*j = 10, -17 = -5*k + 2*j - 4. Suppose 0*t - t = -5*g + 47, g - 3 = -k*t. What are the prime factors of g?
3
Suppose 25 = t + a, -3*t + 8*t = a + 149. Suppose 3*m + b - 18 - 18 = 0, -2*m + b = -t. Suppose m = 2*j - 5. What are the prime factors of j?
3
Suppose -t - 4*n + 2*n = 8, -5*n = 25. List the prime factors of t.
2
Let f(x) = 3*x - 7. Let z(v) = 1. Let o(p) = -5. Let l(a) = -o(a) - 4*z(a). Let g(m) = f(m) + 3*l(m). What are the prime factors of g(3)?
5
Let w be (-150)/24 - (-2)/8. What are the prime factors of 102/36 + (-1)/w?
3
Let h = 13 + -8. Let m = -5 + h. Suppose -4*d + 30 = -5*z, m*d + 46 = 4*d + 3*z. List the prime factors of d.
2, 5
Suppose -f + w = 15, 0*f - 75 = 5*f + 4*w. List the prime factors of (-12)/(-5)*(-50)/f.
2
Let j = 49 + -6. List the prime factors of j.
43
Suppose 0 = -f + 2. What are the prime factors of (-11)/(15/(-6) + f)?
2, 11
Let j = -6 + 10. Suppose -2*y + 6 = -j*y. Let u(p) = -p**3 - p**2 + 3. List the prime factors of u(y).
3, 7
Let t = -7 + 4. List the prime factors of 1 - -1 - 3/t.
3
What are the prime factors of 1/(98/32 - 3)?
2
Let q = 28 + 19. List the prime factors of q + 2/(-1) - 1.
2, 11
Let r(s) be the second derivative of s**3/2 - s**2/2 + 3*s. List the prime factors of r(3).
2
Let s(b) = -5*b + 2. Suppose 0 = -5*t + 2 - 12. What are the prime factors of s(t)?
2, 3
Let r(g) = g + 14. Let x be r(-10). Suppose 5*h - 1 = -5*c + 34, x*c = 3*h - 21. What are the prime factors of h?
7
Suppose 0*j + 6 = j + 5*p, -10 = j + p. Let a = -9 - j. Suppose a*x - 54 = 3*h, 2*h - 18 = -2*x + 5*h. List the prime factors of x.
2, 3
Let a be 6 + (1/1 - 2). Suppose -a*p = 7 - 37. What are the prime factors of p?
2, 3
Let b = -10 - -9. Let k(s) = 18*s**2 + s + 1. List the prime factors of k(b).
2, 3
Suppose 21 - 105 = 4*w. Let r be (-2 - w/3)*1. Suppose -3*n = -r*i - 17, 5*n - 4*i - 35 = i. What are the prime factors of n?
3
Suppose -3*q + 9 = 6*b - 2*b, -4*b + 15 = 5*q. Suppose -q*a + 0*a = 0. What are the prime factors of (-1 + 2)*(6 - a)?
2, 3
Suppose -3*k = 4*s - 646, 9*k - 5*k - 2*s = 876. List the prime factors of k.
2, 109
Suppose 3*o - 42 = -4*s - 8, -2*o + 3*s = -17. Let i = 2 + o. What are the prime factors of i?
2, 3
Let s(p) = -p**2 + 7*p + 1. Let q be s(5). Let y be 80/(-25)*(q - 1). List the prime factors of (-1)/3 - y/6.
5
Let b(v) = v**2 - 5*v. Let d be b(5). Suppose -3*a = -10*s + 5*s + 27, d = a + s + 17. Let t = a - -23. List the prime factors of t.
3
What are the prime factors of (-331)/(-7) + 4/(-14)?
47
Let w = 9 - 7. Let v be ((-28)/35)/(w/10). What are the prime factors of (-1)/2 + (-26)/v?
2, 3
Let q = 89 - 53. Suppose 3*f - q = 6. Suppose -3*s - 2 = -f. What are the prime factors of s?
2
Let j be (-712)/(-44) + (-4)/22. Let t be (-1)/(-6)*-2*-15. Suppose -j = y - t*y. What are the prime factors of y?
2
Let h(r) = -16*r**2 - 2*r + 2. Let a(l) 